ase 5, what is 12311103130 + 11?
12311103141
In base 10, what is 14505 - -751?
15256
In base 5, what is 4010221000 - 30?
4010220420
In base 3, what is -1011 + 2220220200120?
2220220122102
In base 10, what is -3 - -9921303?
9921300
In base 5, what is -20424004032 + 0?
-20424004032
In base 16, what is -2 + -a499ed?
-a499ef
In base 10, what is -19839 - -8163?
-11676
In base 4, what is -132 + -3120013?
-3120211
In base 12, what is -2365a - 327?
-23985
In base 2, what is -101010110010000001100001 + -1011001?
-101010110010000010111010
In base 3, what is -121202000 - -11102221?
-110022002
In base 11, what is -1141574 - 1a?
-1141593
In base 9, what is 0 - -23162050?
23162050
In base 11, what is -23 - a89551?
-a89574
In base 16, what is -154 + -6de3c?
-6df90
In base 9, what is 26544085 + 3?
26544088
In base 16, what is 585 - 5b5e?
-55d9
In base 8, what is 326304436 + -4?
326304432
In base 4, what is -2110001011 + -13?
-2110001030
In base 11, what is -58 - 3368?
-3415
In base 15, what is -3019d8 + -a?
-3019e3
In base 5, what is -2323231100 - 20?
-2323231120
In base 15, what is 13333 + 27?
1335a
In base 5, what is -12 - -24333314?
24333302
In base 11, what is 1208 + -41708?
-40500
In base 10, what is 533 + 296976?
297509
In base 7, what is -1536 + 2065?
226
In base 13, what is -1a56 - -911?
-1145
In base 11, what is 2292 + 1018?
32aa
In base 16, what is 241 + -20a7?
-1e66
In base 16, what is 30cb - 543?
2b88
In base 11, what is 9050 + 1391?
a431
In base 2, what is 11111001011 + 100000111001000?
100100110010011
In base 13, what is 7379b1 + -22?
73798c
In base 14, what is -d6 + -a2362?
-a2458
In base 11, what is 93 - 74154?
-74071
In base 3, what is -1211000200200 - 1?
-1211000200201
In base 13, what is -26b1 + 515a?
2779
In base 4, what is -101102 - 1231111?
-1332213
In base 16, what is 185202 - -5?
185207
In base 11, what is 909 + 7201?
800a
In base 7, what is 3623 + 2552543?
2556466
In base 10, what is 96868134 + 2?
96868136
In base 10, what is -498 - -5072?
4574
In base 10, what is 175 - 108656?
-108481
In base 10, what is 669 + 6454?
7123
In base 13, what is -3c9bc585 + 5?
-3c9bc580
In base 9, what is -244086 - -161?
-243825
In base 8, what is -5022171 - 27?
-5022220
In base 7, what is -44625 + 11453?
-33142
In base 8, what is 121 + -3042020?
-3041677
In base 14, what is -103c - -6277?
5239
In base 3, what is 10102 + 20002201012?
20002211121
In base 6, what is -14513 + -35455?
-54412
In base 13, what is 9b5b74 + 3a?
9b5bb1
In base 16, what is -19a - 1e?
-1b8
In base 9, what is 12487 + 2148?
14646
In base 9, what is 31268 - 105?
31163
In base 16, what is 3f77 - 1a5?
3dd2
In base 15, what is 4 + 5a7b819?
5a7b81d
In base 11, what is -2503 + 1734?
-87a
In base 8, what is -1202410 + -20?
-1202430
In base 13, what is -17068886 - 0?
-17068886
In base 2, what is 110111 + 110101011110110000110?
110101011110110111101
In base 12, what is -504676 - 1b2?
-504868
In base 13, what is c6ca + -2c2?
c408
In base 16, what is 76e3e - -a1?
76edf
In base 11, what is -5a087 - -145?
-59a42
In base 12, what is -33b8b - 338?
-34307
In base 13, what is -3b - -2b567?
2b529
In base 5, what is 111403312344 - 0?
111403312344
In base 5, what is 40102321344 + 14?
40102321413
In base 4, what is 1021112323 + -13?
1021112310
In base 7, what is 215 + 11301415?
11301633
In base 5, what is 233432114000 + 3?
233432114003
In base 16, what is 27a1c + -3a8?
27674
In base 12, what is 94a5b3 - 110?
94a4a3
In base 2, what is 101011011100 + -1010011110?
100000111110
In base 4, what is -32202 - 3001323?
-3100131
In base 15, what is 5 - 194d1c?
-194d17
In base 7, what is -300064600 + 4?
-300064563
In base 7, what is 401124040 - 16?
401124021
In base 11, what is 6181 + -5471?
810
In base 13, what is -291536 + 5?
-291531
In base 2, what is -1001110100100111100110 - 100?
-1001110100100111101010
In base 4, what is -321 - -11203301210?
11203300223
In base 5, what is -12044 + -143242444?
-143310043
In base 7, what is -52655611 - -2?
-52655606
In base 12, what is 107581a - 5?
1075815
In base 7, what is 63166516 + 40?
63166556
In base 8, what is -2140356515 - -5?
-2140356510
In base 5, what is 1122 - -31233213?
31234340
In base 8, what is -1334325 + 0?
-1334325
In base 16, what is 764 - -b2d?
1291
In base 9, what is -11 + -36142488?
-36142510
In base 7, what is 361 + -204512?
-204121
In base 15, what is 3 + -10adc30?
-10adc2c
In base 11, what is -2494968 - -1?
-2494967
In base 10, what is -14335807 - -2?
-14335805
In base 11, what is -17a0a - -330?
-1768a
In base 14, what is -15a34646 + 3?
-15a34643
In base 8, what is -22 - 17166172?
-17166214
In base 5, what is 1022 + -102440220?
-102434143
In base 9, what is 324 + -201501?
-201166
In base 3, what is 101 + 1022210101110?
1022210101211
In base 4, what is 222 + -23330331310?
-23330331022
In base 7, what is -35654121 - 22?
-35654143
In base 16, what is -1e0d34 - -11?
-1e0d23
In base 5, what is -2031 - -413041?
411010
In base 16, what is 6f + -a4dcf?
-a4d60
In base 9, what is 5410 + -2717?
2582
In base 8, what is 7260 + 747?
10227
In base 8, what is 267 + 16161?
16450
In base 10, what is -3 - -10139051?
10139048
In base 10, what is 1 - 127547284?
-127547283
In base 7, what is -66 + 50013135?
50013036
In base 5, what is 143323 + 3141?
202014
In base 11, what is 3 + 37107?
3710a
In base 9, what is 370 - -30160?
30540
In base 16, what is 11b895a + -1?
11b8959
In base 2, what is -1001110111110000001111110 + -1101?
-1001110111110000010001011
In base 10, what is 7986 - 1082?
6904
In base 14, what is 76 - 604?
-56c
In base 13, what is 2 + -18942b4?
-18942b2
In base 5, what is 131032413111 - 3?
131032413103
In base 7, what is 42230236 - 1?
42230235
In base 8, what is 1 - -24423732?
24423733
In base 9, what is 21766 - -18248?
41125
In base 11, what is -3 + -7381817?
-738181a
In base 4, what is -213213133 - -30130?
-213123003
In base 12, what is 58 - -10ab9?
10b55
In base 3, what is -12120101 - 1200000102?
-1212120210
In base 5, what is -40303 - 2031031?
-2121334
In base 7, what is 0 + -156455366?
-156455366
In base 5, what is -12004 + -204442?
-222001
In base 5, what is 300123402343 - 0?
300123402343
In base 13, what is -11687 - -509?
-1117b
In base 11, what is -66488 - 117?
-665a4
In base 6, what is 3313 - -44534?
52251
In base 9, what is 226 + 234702?
235028
In base 9, what is 2427 + -72530?
-70102
In base 9, what is -20430 + 1755?
-17564
In base 15, what is 60c + -2d1?
32b
In base 15, what is -48 - 8178?
-81c1
In base 10, what is -141544 + 32?
-141512
In base 7, what is -352356300 - 5?
-352356305
In base 7, what is 24626011 - -3?
24626014
In base 6, what is -433444500014 - -1?
-433444500013
In base 11, what is 836541 - -6?
836547
In base 8, what is 4253050 + -545?
4252303
In base 12, what is 1384998 + 9?
13849a5
In base 4, what is 232201 + -11233?
220302
In base 5, what is -2 - -2332004?
2332002
In base 2, what is 11011101111001100010101 + -10?
11011101111001100010011
In base 10, what is 1089 - 218395?
-217306
In base 2, what is 111110000010010000001001100 + -101?
111110000010010000001000111
In base 13, what is -289b67 - 4a?
-289bb4
In base 7, what is -4 - -5054201602?
5054201565
In base 8, what is -41457 - -225?
-41232
In base 7, what is 30 + -41545101?
-41545041
In base 16, what is -b1386e - -3?
-b1386b
In base 2, what is 1000000011101111 - 101000001?
111111110101110
In base 12, what is -530 - 1954?
-2284
In base 14, what is -1 + -2474786?
-2474787
In base 13, what is c + 43c680?
43c68c
In base 6, what is -5 - -20451254?
20451245
In base 12, what is -6 - 30b320?
-30b326
In base 8, what is 15125 + 2215?
17342
In base 7, what is 316 - -1312542?
1313161
In base 12, what is a17b80 + -10?
a17b70
In base 14, what is 5732 + 411?
5b43
In base 10, what is -51 + -1184620?
-1184671
In base 15, what is -82ce - 253e?
-a81d
In base 7, what is -36136 + -12004?
-51143
In base 9, what is 1 - 8641855?
-8641854
In base 9, what is -6633421 - -7?
-6633413
In base 14, what is 324c55 - -74?
324cc9
In base 2, what is -11001111111 - -100010010111101101?
100001111101101110
In base 12, what is 88aa048 - -2?
88aa04a
In base 4, what is 2332 + 1021203201?
1021212133
In base 13, what is 163a40c + -7a?
163a362
In base 4, what is -1121000022 + -323?
-1121001011
In base 8, what is 0 - -332501